.
-322
Convert 202 (base 4) to base 8.
42
6 (base 13) to base 10
6
Convert -c2 (base 16) to base 6.
-522
What is -23 (base 16) in base 5?
-120
What is -75 (base 11) in base 8?
-122
-1 (base 5) to base 16
-1
-12 (base 5) to base 13
-7
What is -303 (base 4) in base 5?
-201
Convert -116 (base 10) to base 8.
-164
-10 (base 6) to base 12
-6
What is a (base 11) in base 7?
13
2 (base 4) to base 10
2
-1 (base 15) to base 16
-1
What is 28 (base 15) in base 4?
212
Convert 11 (base 8) to base 7.
12
What is -32 (base 13) in base 3?
-1112
What is -1120 (base 3) in base 16?
-2a
What is 26 (base 11) in base 16?
1c
What is -2 (base 16) in base 5?
-2
What is -11 (base 3) in base 4?
-10
Convert -112 (base 5) to base 8.
-40
What is 5 (base 12) in base 15?
5
0 (base 12) to base 2
0
What is 23 (base 5) in base 14?
d
0 (base 11) to base 6
0
2202 (base 4) to base 11
138
What is 1 (base 7) in base 15?
1
What is -2 (base 11) in base 14?
-2
Convert 87 (base 9) to base 15.
54
What is -186 (base 9) in base 16?
-9f
Convert 38 (base 12) to base 4.
230
6 (base 10) to base 2
110
Convert -1102 (base 3) to base 4.
-212
Convert 163 (base 7) to base 10.
94
What is -100 (base 2) in base 7?
-4
Convert -28 (base 9) to base 14.
-1c
What is -111001 (base 2) in base 14?
-41
21 (base 4) to base 10
9
What is -27 (base 14) in base 15?
-25
What is -e (base 16) in base 8?
-16
Convert 72 (base 8) to base 2.
111010
-12 (base 7) to base 3
-100
14 (base 11) to base 3
120
What is -2 (base 16) in base 6?
-2
221 (base 9) to base 5
1211
What is 332 (base 6) in base 11?
107
Convert 1c (base 13) to base 10.
25
What is 194 (base 15) in base 9?
444
What is -21 (base 6) in base 11?
-12
Convert -38 (base 11) to base 8.
-51
What is -5 (base 14) in base 9?
-5
-23 (base 12) to base 3
-1000
What is -1 (base 6) in base 15?
-1
-3 (base 9) to base 3
-10
What is -a (base 15) in base 9?
-11
Convert 2 (base 3) to base 2.
10
223 (base 6) to base 16
57
-55 (base 10) to base 14
-3d
What is -3 (base 5) in base 12?
-3
What is -11 (base 4) in base 13?
-5
-36 (base 8) to base 5
-110
0 (base 7) to base 9
0
-20 (base 10) to base 12
-18
What is 4 (base 8) in base 15?
4
What is 111100 (base 2) in base 7?
114
What is -e3 (base 15) in base 7?
-423
What is 2 (base 15) in base 16?
2
What is a (base 14) in base 8?
12
Convert 0 (base 6) to base 9.
0
Convert 10 (base 5) to base 12.
5
-166 (base 10) to base 12
-11a
Convert 101 (base 9) to base 4.
1102
-3b (base 15) to base 7
-110
What is -56 (base 9) in base 11?
-47
What is -122 (base 3) in base 2?
-10001
11 (base 7) to base 15
8
What is 343 (base 8) in base 11?
197
Convert -7 (base 13) to base 6.
-11
5 (base 6) to base 14
5
Convert 0 (base 9) to base 16.
0
-101 (base 4) to base 10
-17
What is -21 (base 3) in base 13?
-7
Convert -103 (base 4) to base 11.
-18
What is 112 (base 3) in base 14?
10
What is -53 (base 6) in base 2?
-100001
-20 (base 15) to base 9
-33
Convert 5 (base 14) to base 9.
5
What is 11 (base 12) in base 3?
111
Convert -430 (base 5) to base 4.
-1303
Convert -32 (base 14) to base 16.
-2c
What is 55 (base 11) in base 2?
111100
Convert 5 (base 8) to base 9.
5
What is 0 (base 8) in base 13?
0
-22 (base 3) to base 8
-10
43 (base 5) to base 12
1b
What is 7 (base 14) in base 5?
12
What is 6 (base 10) in base 13?
6
2 (base 3) to base 14
2
Convert 11 (base 2) to base 4.
3
-6 (base 14) to base 2
-110
What is -5 (base 10) in base 11?
-5
Convert -6 (base 14) to base 6.
-10
Convert 3332 (base 4) to base 10.
254
Convert -2000 (base 3) to base 14.
-3c
What is 24 (base 16) in base 15?
26
101 (base 8) to base 9
72
What is -4 (base 9) in base 11?
-4
Convert 33 (base 12) to base 2.
100111
-100011 (base 2) to base 14
-27
-1 (base 11) to base 5
-1
What is -13 (base 7) in base 10?
-10
-3 (base 5) to base 12
-3
What is 131 (base 7) in base 10?
71
What is 22 (base 7) in base 12?
14
3 (base 11) to base 9
3
Convert 2 (base 6) to base 9.
2
-2 (base 9) to base 7
-2
11 (base 9) to base 11
a
16 (base 14) to base 2
10100
-30 (base 7) to base 6
-33
-223 (base 7) to base 12
-97
What is -94 (base 10) in base 5?
-334
-4 (base 8) to base 11
-4
18 (base 14) to base 13
19
What is 3 (base 12) in base 3?
10
Convert 38 (base 9) to base 8.
43
1 (base 6) to base 7
1
a (base 16) to base 9
11
What is -65 (base 16) in base 13?
-7a
Convert -49 (base 10) to base 4.
-301
Convert 122 (base 5) to base 12.
31
Convert 0 (base 6) to base 3.
0
Convert 7 (base 10) to base 9.
7
Convert 1000 (base 2) to base 4.
20
What is 3 (base 14) in base 11?
3
What is 1c (base 13) in base 7?
34
12 (base 12) to base 8
16
Convert 9 (base 14) to base 13.
9
-16 (base 10) to base 11
-15
What is -10000 (base 2) in base 5?
-31
Convert 14 (base 9) to base 14.
d
Convert -3 (base 16) to base 3.
-10
Convert -11 (base 5) to base 4.
-12
What is -1b (base 14) in base 9?
-27
Convert 100111 (base 2) to base 12.
33
Convert -143 (base 11) to base 16.
-a8
What is 2 (base 5) in base 7?
2
25 (base 8) to base 2
10101
Convert 10100 (base 2) to base 13.
17
What is 120 (base 4) in base 16?
18
Convert -1011 (base 2) to base 6.
-15
Convert 17 (base 10) to base 9.
18
Convert 101 (base 2) to base 11.
5
What is 3 (base 13) in base 6?
3
What is -51 (base 7) in base 14?
-28
64 (base 9) to base 13
46
What is 2123 (base 5) in base 12?
200
-15 (base 13) to base 10
-18
What is -d (base 15) in base 10?
-13
What is 0 (base 13) in base 10?
0
17 (base 9) to base 2
10000
Convert 14 (base 5) to base 12.
9
Convert 0 (base 3) to base 10.
0
Convert 3310 (base 4) to base 7.
466
Convert -5 (base 14) to base 4.
-11
What is 4 (base 6) in base 16?
4
-34 (base 11) to base 12
-31
What is c6 (base 15) in base 8?
272
1 (base 5) to base 2
1
Convert -312 (base 4) to base 2.
-110110
What is 120 (base 5) in base 3?
1022
Convert -12 (base 9) to base 14.
-b
What is 28 (base 9) in base 10?
26
What is 14 (base 12) in base 13?
13
Convert 2 (base 8) to base 6.
2
Convert 1 (base 15) to base 5.
1
32 (base 12) to base 13
2c
Convert d9 (base 14) to base 10.
191
What is -10 (base 3) in base 13?
-3
-10 (base 6) to base 3
-20
Convert 10 (base 2) to base 11.
2
-10 (base 2) to base 12
-2
Convert -6 (base 13) to base 2.
-110
Convert 20 (base 3) to base 4.
12
Convert -101021 (base 3) to base 13.
-184
Convert -25 (base 16) to base 2.
-100101
Convert -23 (base 4) to base 11.
-10
c (base 16) to base 6
20
What is -4 (base 16) in base 6?
-4
What is -4 (base 5) in base 14?
-4
Convert -16 (base 7) to base 4.
-31
Convert -223 (base 13) to base 2.
-101101111
-15 (base 15) to base 14
-16
Convert 1 (base 9) to base 14.
1
Convert 17 (base 10) to base 2.
10001
36 (base 12) to base 13
33
What is -10 (base 4) in base 5?
-4
Convert 0 (base 4) to base 14.
0
Convert -10 (base 16) to base 15.
-11
Convert -1045 (base 6) to base 14.
-137
Convert -26 (base 7) to base 15.
-15
What is -30 (base 6) in base 16?
-12
What is -37 (base 13) in base 10?
-46
Convert -a2 (base 11) to base 10.
-112
Convert -214 (base 12) to base 5.
-2204
Convert 96 (base 15) to base 16.
8d
-5 (base 16) to base 6
-5
Convert 3 (base 7) to base 10.
3
Convert 1000 (base 4) to base 7.
121
-18 (base 9) to base 2
-10001
0 (base 4) to base 6
0
Convert 5 (base 6) to base 13.
5
What is -1 (base 12) in base 4?
-1
What is 115 (base 7) in base 12?
51
0 (base 2) to base 10
0
Convert -2 (base 5) to base 6.
-2
Convert -33 (base 6) to base 11.
-1a
What is 85 (base 12) in base 7?
203
Convert -86 (base 16) to base 11.
-112
213 (base 6) to base 3
10000
Convert 10 (base 2) to base 5.
2
Convert -5 (base 11) to base 8.
-5
What is 0 (base 10) in base 6?
0
4 (base 16) to base 14
4
-101 (base 2) to base 7
-5
10010 (base 2) to base 16
12
Convert -51 (base 9) to base 5.
-141
242 (base 5) to base 10
72
12 (base 10) to base 9
13
Convert 567 (base 8) to base 5.
3000
What is 0 (base 3) in base 11?
0
-8 (base 12) to base 6
-12
What is a (base 14) in base 6?
14
22 (base 4) to base 12
a
What is 26 (base 11) in base 13?
22
-2 (base 10) to base 4
-2
4 (base 5) to base 10
4
What is 3 (base 6) in base 8?
3
7 (base 11) to base 7
10
1 (base 8) to base 11
1
Convert 44 (base 5) to base 9.
26
Convert -60 (base 11) to base 4.
-1002
-15 (base 16) to base 14
-17
What is 4 (base 5) in base 8?
4
What is -3110 (base 4) in base 2?
-11010100
Convert -1 (base 15) to base 7.
-1
What is 4 (base 16) in base 